{"id":38912,"date":"2017-05-31T21:36:33","date_gmt":"2017-05-31T19:36:33","guid":{"rendered":"https:\/\/cecconi.shop\/walter-bacher\/"},"modified":"2017-07-15T12:29:38","modified_gmt":"2017-07-15T10:29:38","slug":"walter-bacher","status":"publish","type":"page","link":"https:\/\/cecconi.shop\/de\/walter-bacher\/","title":{"rendered":"Der K\u00fcnstler Walter Bacher (*1908 \u20201960)"},"content":{"rendered":"<div class=\"fusion-fullwidth fullwidth-box fusion-builder-row-1 nonhundred-percent-fullwidth non-hundred-percent-height-scrolling\" style=\"--awb-border-radius-top-left:0px;--awb-border-radius-top-right:0px;--awb-border-radius-bottom-right:0px;--awb-border-radius-bottom-left:0px;--awb-flex-wrap:wrap;\" ><div class=\"fusion-builder-row fusion-row\"><div class=\"fusion-layout-column fusion_builder_column fusion-builder-column-0 fusion_builder_column_1_1 1_1 fusion-one-full fusion-column-first fusion-column-last\" style=\"--awb-bg-size:cover;\"><div class=\"fusion-column-wrapper fusion-flex-column-wrapper-legacy\"><div class=\"fusion-title title fusion-title-1 fusion-title-text fusion-title-size-one\"><h1 class=\"fusion-title-heading title-heading-left fusion-responsive-typography-calculated\" style=\"margin:0;--fontSize:50;line-height:1.2;\"><h2>Der K\u00fcnstler Walter Bacher (*1908 \u20201960)<\/h2><\/h1><span class=\"awb-title-spacer\"><\/span><div class=\"title-sep-container\"><div class=\"title-sep sep-single sep-solid\" style=\"border-color:#e0dede;\"><\/div><\/div><\/div><div class=\"fusion-clearfix\"><\/div><\/div><\/div><\/div><\/div><div class=\"fusion-fullwidth fullwidth-box fusion-builder-row-2 nonhundred-percent-fullwidth non-hundred-percent-height-scrolling\" style=\"--awb-border-radius-top-left:0px;--awb-border-radius-top-right:0px;--awb-border-radius-bottom-right:0px;--awb-border-radius-bottom-left:0px;--awb-flex-wrap:wrap;\" ><div class=\"fusion-builder-row fusion-row\"><div class=\"fusion-layout-column fusion_builder_column fusion-builder-column-1 fusion_builder_column_3_5 3_5 fusion-three-fifth fusion-column-first\" style=\"--awb-bg-size:cover;width:60%;width:calc(60% - ( ( 4% ) * 0.6 ) );margin-right: 4%;\"><div class=\"fusion-column-wrapper fusion-flex-column-wrapper-legacy\"><div class=\"fusion-text fusion-text-1\"><p>Walter Bacher wurde am 19. September 1908 geboren. Seine Mutter Leopoldine geb. Egger stammte aus Ridnaun, dem rauen Hochtal westlich von Sterzing. Sie war eine einfache Frau, gew\u00f6hnt an die harte Arbeit der Bergbauern und sehr beseelt von einer tiefen Religiosit\u00e4t. Der Vater arbeitete als Schriftsetzer in einer Buchdruckerei in Brixen, in deren Diensten er bis zu seinem Lebensende stand.<\/p>\n<p>Walter verbrachte seine fr\u00fche Kindheit in Vahrn. Das ausgesprochen sch\u00f6ne Kind mit dem braunen Lockenkopf und den blauen Augen war auch bei allen beliebt, und jeder kannte es. Im Alter von &amp; Jahren \u00fcbersiedelten die Eltern nach Brixen, weil der Weg zur Schule von Vahrn aus zu weit gewesen w\u00e4re.\u00a0 In Brixen besuchte Walter die Volksschule im Institut der Englischen Fr\u00e4ulein.<\/p>\n<p>Der Religionsunterricht wurde ihm zum Kindlich gef\u00fchlsbetonten Erlebnis,\u00a0 aber auch ein anderes Fach fesselte ihn: das Zeichnen.<br \/>\nNicht nur dass er darin der beste der Klasse war; er zeichnete stundenlang und mit wahrer Hingabe. Mit dem 14. Lebensjahr kam die Frage der Berufswahl auf; f\u00fcr Walter keine Frage. F\u00fcr Ihn stand fest, dass er Bildhauer werden wollte und so trat er in die Lehre des Bildhauers und Malers Alexander Dejaco aus Brixen. In den folgenden 8 Jahren wurde Walters Charakter geformt, seine religi\u00f6se \u00dcberzeugung vertieft und seine Liebe zum k\u00fcnstlerischen Schaffen in zielbewusste Lebensaufgabe umgewandelt.<\/p>\n<p>1931 zog Walter Bacher nach M\u00fcnchen, besuchte dort zuerst 2 Jahre die Kunstgewerbeschule und anschlie\u00dfend noch 4 Jahre die Kunstakademie. Er vertiefte sich in das Studium der Kunstgeschichte und unternahm in den Semesterferien weite Reisen, um die gro\u00dfen Kunstdenkm\u00e4ler zu besuchen. Kaum hatte er sein Studium an der Akademie beendet, zog es ihn allerdings wieder in die Heimat.<\/p>\n<p>Es folgten harte Kriegsjahre und wie viele andere erhielt auch er den Einberufungsbefehl. Seine milit\u00e4rische Laufbahn endete 1943 in russischer Gefangenschaft, aus\u00a0 der er am 29.November 1948 entlassen wurde und nach Innsbruck zu seiner Schwester Waltraud heimkehrte. In einem Barackenatelier am Ufer des Inn entwarf Bacher das Relief der 14 Kreuzwegstationen f\u00fcr eine Kirche in San Francisco. Er erhielt immer mehr Auftr\u00e4ge f\u00fcr Krippen, Madonnen und Kruzifixe die fast alle ins Ausland gingen.<\/p>\n<p>Im Dezember 1950 heiratete er Luise Dejaco, die Tochter seines ehemaligen Lehrmeisters. 1959 bezog Walter Bacher sein eigenes Bildhaueratelier. In dieser Zeit musste er seine Arbeit h\u00e4ufig unterbrechen, da er wegen seines Hautleidens das sich immer mehr ausbreitete, immer \u00f6fter in \u00e4rztlicher Behandlung stand.<br \/>\nIm September 1960 traf ihn das h\u00e4rteste Los das einen Bildhauer treffen kann \u2013 die rechte Hand musste amputiert werden, vier Wochen sp\u00e4ter der ganze rechte Arm. Am 24. November 1960 aber forderte der Herr von ihm auch das Opfer seines Lebens.<\/p>\n<p>Nur zehn Jahre k\u00fcnstlerischen Schaffens waren ihm verg\u00f6nnt. In dieser kurzen Zeit aber hat er uns Werke geschenkt, die der Ausdruck seiner lauteren Seele waren. Einer alten Tradition folgend hatte er Holz als sein bevorzugtes Material gew\u00e4hlt. Selbiges war ihm so vertraut, dass er imstande war die Maserung des Holzes zur besonderen Betonung der Form seiner Skulpturen zu n\u00fctzen.<\/p>\n<p>Eines seiner bekanntesten Werke ist die Krippe die seinen Namen tr\u00e4gt und weltweit exklusiv von der Firma ANRI reproduziert und vertrieben wird.<\/p>\n<\/div><div class=\"fusion-clearfix\"><\/div><\/div><\/div><div class=\"fusion-layout-column fusion_builder_column fusion-builder-column-2 fusion_builder_column_2_5 2_5 fusion-two-fifth fusion-column-last\" style=\"--awb-bg-size:cover;width:40%;width:calc(40% - ( ( 4% ) * 0.4 ) );\"><div class=\"fusion-column-wrapper fusion-flex-column-wrapper-legacy\"><div class=\"fusion-image-element in-legacy-container\" style=\"--awb-caption-title-font-family:var(--h2_typography-font-family);--awb-caption-title-font-weight:var(--h2_typography-font-weight);--awb-caption-title-font-style:var(--h2_typography-font-style);--awb-caption-title-size:var(--h2_typography-font-size);--awb-caption-title-transform:var(--h2_typography-text-transform);--awb-caption-title-line-height:var(--h2_typography-line-height);--awb-caption-title-letter-spacing:var(--h2_typography-letter-spacing);\"><span class=\" fusion-imageframe imageframe-none imageframe-1 hover-type-zoomin\"><img decoding=\"async\" width=\"600\" height=\"900\" title=\"walterbacher\" src=\"https:\/\/cecconi.shop\/wp-content\/uploads\/2017\/05\/WalterBacher.jpg\" alt class=\"img-responsive wp-image-52087\" srcset=\"https:\/\/cecconi.shop\/wp-content\/uploads\/2017\/05\/WalterBacher-500x750.jpg 500w, https:\/\/cecconi.shop\/wp-content\/uploads\/2017\/05\/WalterBacher.jpg 600w\" sizes=\"(max-width: 600px) 100vw, 600px\" \/><\/span><\/div><div class=\"fusion-clearfix\"><\/div><\/div><\/div><\/div><\/div><div class=\"fusion-fullwidth fullwidth-box fusion-builder-row-3 nonhundred-percent-fullwidth non-hundred-percent-height-scrolling\" style=\"--awb-border-radius-top-left:0px;--awb-border-radius-top-right:0px;--awb-border-radius-bottom-right:0px;--awb-border-radius-bottom-left:0px;--awb-flex-wrap:wrap;\" ><div class=\"fusion-builder-row fusion-row\"><div class=\"fusion-layout-column fusion_builder_column fusion-builder-column-3 fusion_builder_column_1_1 1_1 fusion-one-full fusion-column-first fusion-column-last\" style=\"--awb-bg-size:cover;\"><div class=\"fusion-column-wrapper fusion-flex-column-wrapper-legacy\"><div class=\"fusion-aligncenter\"><a class=\"fusion-button button-flat button-small button-lightgray fusion-button-lightgray button-1 fusion-button-default-span \" target=\"_self\" href=\"\/de\/product-category\/anri-krippen\/walter-bacher-krippe\/\"><i class=\" fa fa-chevron-right awb-button__icon awb-button__icon--default button-icon-left\" aria-hidden=\"true\"><\/i><span class=\"fusion-button-text awb-button__text awb-button__text--default\">Walter Bacher Sortiment<\/span><\/a><\/div><div class=\"fusion-clearfix\"><\/div><\/div><\/div><\/div><\/div>\n","protected":false},"excerpt":{"rendered":"","protected":false},"author":1,"featured_media":0,"parent":0,"menu_order":0,"comment_status":"closed","ping_status":"closed","template":"100-width.php","meta":{"footnotes":""},"class_list":["post-38912","page","type-page","status-publish","hentry"],"yoast_head":"<!-- This site is optimized with the Yoast SEO Premium plugin v27.0 (Yoast SEO v27.0) - https:\/\/yoast.com\/product\/yoast-seo-premium-wordpress\/ -->\n<title>ANRI - Der K\u00fcnstler Walter Bacher | Cecconi<\/title>\n<meta name=\"description\" content=\"Eines seiner bekanntesten Werke ist die Walter Bacher Krippe die seinen Namen tr\u00e4gt und exklusiv von der Firma ANRI reproduziert und vertrieben wird.\" \/>\n<meta name=\"robots\" content=\"index, follow, max-snippet:-1, max-image-preview:large, max-video-preview:-1\" \/>\n<link rel=\"canonical\" href=\"https:\/\/cecconi.shop\/de\/walter-bacher\/\" \/>\n<meta property=\"og:locale\" content=\"de_DE\" \/>\n<meta property=\"og:type\" content=\"article\" \/>\n<meta property=\"og:title\" content=\"Der K\u00fcnstler Walter Bacher (*1908 \u20201960)\" \/>\n<meta property=\"og:description\" content=\"Eines seiner bekanntesten Werke ist die Walter Bacher Krippe die seinen Namen tr\u00e4gt und exklusiv von der Firma ANRI reproduziert und vertrieben wird.\" \/>\n<meta property=\"og:url\" content=\"https:\/\/cecconi.shop\/de\/walter-bacher\/\" \/>\n<meta property=\"og:site_name\" content=\"Cecconi\" \/>\n<meta property=\"article:publisher\" content=\"https:\/\/www.facebook.com\/AnriStore\/\" \/>\n<meta property=\"article:modified_time\" content=\"2017-07-15T10:29:38+00:00\" \/>\n<meta name=\"twitter:card\" content=\"summary_large_image\" \/>\n<meta name=\"twitter:label1\" content=\"Gesch\u00e4tzte Lesezeit\" \/>\n\t<meta name=\"twitter:data1\" content=\"6\u00a0Minuten\" \/>\n<script type=\"application\/ld+json\" class=\"yoast-schema-graph\">{\"@context\":\"https:\/\/schema.org\",\"@graph\":[{\"@type\":\"WebPage\",\"@id\":\"https:\/\/cecconi.shop\/de\/walter-bacher\/\",\"url\":\"https:\/\/cecconi.shop\/de\/walter-bacher\/\",\"name\":\"ANRI - Der K\u00fcnstler Walter Bacher | Cecconi\",\"isPartOf\":{\"@id\":\"https:\/\/cecconi.shop\/de\/#website\"},\"datePublished\":\"2017-05-31T19:36:33+00:00\",\"dateModified\":\"2017-07-15T10:29:38+00:00\",\"description\":\"Eines seiner bekanntesten Werke ist die Walter Bacher Krippe die seinen Namen tr\u00e4gt und exklusiv von der Firma ANRI reproduziert und vertrieben wird.\",\"inLanguage\":\"de\",\"potentialAction\":[{\"@type\":\"ReadAction\",\"target\":[\"https:\/\/cecconi.shop\/de\/walter-bacher\/\"]}]},{\"@type\":\"WebSite\",\"@id\":\"https:\/\/cecconi.shop\/de\/#website\",\"url\":\"https:\/\/cecconi.shop\/de\/\",\"name\":\"Cecconi\",\"description\":\"Fine Arts &amp; Crafts\",\"potentialAction\":[{\"@type\":\"SearchAction\",\"target\":{\"@type\":\"EntryPoint\",\"urlTemplate\":\"https:\/\/cecconi.shop\/de\/?s={search_term_string}\"},\"query-input\":{\"@type\":\"PropertyValueSpecification\",\"valueRequired\":true,\"valueName\":\"search_term_string\"}}],\"inLanguage\":\"de\"}]}<\/script>\n<!-- \/ Yoast SEO Premium plugin. -->","yoast_head_json":{"title":"ANRI - Der K\u00fcnstler Walter Bacher | Cecconi","description":"Eines seiner bekanntesten Werke ist die Walter Bacher Krippe die seinen Namen tr\u00e4gt und exklusiv von der Firma ANRI reproduziert und vertrieben wird.","robots":{"index":"index","follow":"follow","max-snippet":"max-snippet:-1","max-image-preview":"max-image-preview:large","max-video-preview":"max-video-preview:-1"},"canonical":"https:\/\/cecconi.shop\/de\/walter-bacher\/","og_locale":"de_DE","og_type":"article","og_title":"Der K\u00fcnstler Walter Bacher (*1908 \u20201960)","og_description":"Eines seiner bekanntesten Werke ist die Walter Bacher Krippe die seinen Namen tr\u00e4gt und exklusiv von der Firma ANRI reproduziert und vertrieben wird.","og_url":"https:\/\/cecconi.shop\/de\/walter-bacher\/","og_site_name":"Cecconi","article_publisher":"https:\/\/www.facebook.com\/AnriStore\/","article_modified_time":"2017-07-15T10:29:38+00:00","twitter_card":"summary_large_image","twitter_misc":{"Gesch\u00e4tzte Lesezeit":"6\u00a0Minuten"},"schema":{"@context":"https:\/\/schema.org","@graph":[{"@type":"WebPage","@id":"https:\/\/cecconi.shop\/de\/walter-bacher\/","url":"https:\/\/cecconi.shop\/de\/walter-bacher\/","name":"ANRI - Der K\u00fcnstler Walter Bacher | Cecconi","isPartOf":{"@id":"https:\/\/cecconi.shop\/de\/#website"},"datePublished":"2017-05-31T19:36:33+00:00","dateModified":"2017-07-15T10:29:38+00:00","description":"Eines seiner bekanntesten Werke ist die Walter Bacher Krippe die seinen Namen tr\u00e4gt und exklusiv von der Firma ANRI reproduziert und vertrieben wird.","inLanguage":"de","potentialAction":[{"@type":"ReadAction","target":["https:\/\/cecconi.shop\/de\/walter-bacher\/"]}]},{"@type":"WebSite","@id":"https:\/\/cecconi.shop\/de\/#website","url":"https:\/\/cecconi.shop\/de\/","name":"Cecconi","description":"Fine Arts &amp; Crafts","potentialAction":[{"@type":"SearchAction","target":{"@type":"EntryPoint","urlTemplate":"https:\/\/cecconi.shop\/de\/?s={search_term_string}"},"query-input":{"@type":"PropertyValueSpecification","valueRequired":true,"valueName":"search_term_string"}}],"inLanguage":"de"}]}},"_links":{"self":[{"href":"https:\/\/cecconi.shop\/de\/wp-json\/wp\/v2\/pages\/38912","targetHints":{"allow":["GET"]}}],"collection":[{"href":"https:\/\/cecconi.shop\/de\/wp-json\/wp\/v2\/pages"}],"about":[{"href":"https:\/\/cecconi.shop\/de\/wp-json\/wp\/v2\/types\/page"}],"author":[{"embeddable":true,"href":"https:\/\/cecconi.shop\/de\/wp-json\/wp\/v2\/users\/1"}],"replies":[{"embeddable":true,"href":"https:\/\/cecconi.shop\/de\/wp-json\/wp\/v2\/comments?post=38912"}],"version-history":[{"count":0,"href":"https:\/\/cecconi.shop\/de\/wp-json\/wp\/v2\/pages\/38912\/revisions"}],"wp:attachment":[{"href":"https:\/\/cecconi.shop\/de\/wp-json\/wp\/v2\/media?parent=38912"}],"curies":[{"name":"wp","href":"https:\/\/api.w.org\/{rel}","templated":true}]}}

Der Künstler Walter Bacher (*1908 †1960)

<div class="fusion-fullwidth fullwidth-box fusion-builder-row-1 nonhundred-percent-fullwidth non-hundred-percent-height-scrolling" style="--awb-border-radius-top-left:0px;--awb-border-radius-top-right:0px;--awb-border-radius-bottom-right:0px;--awb-border-radius-bottom-left:0px;--awb-flex-wrap:wrap;" ><div class="fusion-builder-row fusion-row"><div class="fusion-layout-column fusion_builder_column fusion-builder-column-0 fusion_builder_column_1_1 1_1 fusion-one-full fusion-column-first fusion-column-last" style="--awb-bg-size:cover;"><div class="fusion-column-wrapper fusion-flex-column-wrapper-legacy"><div class="fusion-title title fusion-title-1 fusion-title-text fusion-title-size-one"><h1 class="fusion-title-heading title-heading-left fusion-responsive-typography-calculated" style="margin:0;--fontSize:50;line-height:1.2;"><h2>Der Künstler Walter Bacher (*1908 †1960)</h2></h1><span class="awb-title-spacer"></span><div class="title-sep-container"><div class="title-sep sep-single sep-solid" style="border-color:#e0dede;"></div></div></div><div class="fusion-clearfix"></div></div></div></div></div><div class="fusion-fullwidth fullwidth-box fusion-builder-row-2 nonhundred-percent-fullwidth non-hundred-percent-height-scrolling" style="--awb-border-radius-top-left:0px;--awb-border-radius-top-right:0px;--awb-border-radius-bottom-right:0px;--awb-border-radius-bottom-left:0px;--awb-flex-wrap:wrap;" ><div class="fusion-builder-row fusion-row"><div class="fusion-layout-column fusion_builder_column fusion-builder-column-1 fusion_builder_column_3_5 3_5 fusion-three-fifth fusion-column-first" style="--awb-bg-size:cover;width:60%;width:calc(60% - ( ( 4% ) * 0.6 ) );margin-right: 4%;"><div class="fusion-column-wrapper fusion-flex-column-wrapper-legacy"><div class="fusion-text fusion-text-1"><p>Walter Bacher wurde am 19. September 1908 geboren. Seine Mutter Leopoldine geb. Egger stammte aus Ridnaun, dem rauen Hochtal westlich von Sterzing. Sie war eine einfache Frau, gewöhnt an die harte Arbeit der Bergbauern und sehr beseelt von einer tiefen Religiosität. Der Vater arbeitete als Schriftsetzer in einer Buchdruckerei in Brixen, in deren Diensten er bis zu seinem Lebensende stand.</p>
<p>Walter verbrachte seine frühe Kindheit in Vahrn. Das ausgesprochen schöne Kind mit dem braunen Lockenkopf und den blauen Augen war auch bei allen beliebt, und jeder kannte es. Im Alter von &amp; Jahren übersiedelten die Eltern nach Brixen, weil der Weg zur Schule von Vahrn aus zu weit gewesen wäre.  In Brixen besuchte Walter die Volksschule im Institut der Englischen Fräulein.</p>
<p>Der Religionsunterricht wurde ihm zum Kindlich gefühlsbetonten Erlebnis,  aber auch ein anderes Fach fesselte ihn: das Zeichnen.<br />
Nicht nur dass er darin der beste der Klasse war; er zeichnete stundenlang und mit wahrer Hingabe. Mit dem 14. Lebensjahr kam die Frage der Berufswahl auf; für Walter keine Frage. Für Ihn stand fest, dass er Bildhauer werden wollte und so trat er in die Lehre des Bildhauers und Malers Alexander Dejaco aus Brixen. In den folgenden 8 Jahren wurde Walters Charakter geformt, seine religiöse Überzeugung vertieft und seine Liebe zum künstlerischen Schaffen in zielbewusste Lebensaufgabe umgewandelt.</p>
<p>1931 zog Walter Bacher nach München, besuchte dort zuerst 2 Jahre die Kunstgewerbeschule und anschließend noch 4 Jahre die Kunstakademie. Er vertiefte sich in das Studium der Kunstgeschichte und unternahm in den Semesterferien weite Reisen, um die großen Kunstdenkmäler zu besuchen. Kaum hatte er sein Studium an der Akademie beendet, zog es ihn allerdings wieder in die Heimat.</p>
<p>Es folgten harte Kriegsjahre und wie viele andere erhielt auch er den Einberufungsbefehl. Seine militärische Laufbahn endete 1943 in russischer Gefangenschaft, aus  der er am 29.November 1948 entlassen wurde und nach Innsbruck zu seiner Schwester Waltraud heimkehrte. In einem Barackenatelier am Ufer des Inn entwarf Bacher das Relief der 14 Kreuzwegstationen für eine Kirche in San Francisco. Er erhielt immer mehr Aufträge für Krippen, Madonnen und Kruzifixe die fast alle ins Ausland gingen.</p>
<p>Im Dezember 1950 heiratete er Luise Dejaco, die Tochter seines ehemaligen Lehrmeisters. 1959 bezog Walter Bacher sein eigenes Bildhaueratelier. In dieser Zeit musste er seine Arbeit häufig unterbrechen, da er wegen seines Hautleidens das sich immer mehr ausbreitete, immer öfter in ärztlicher Behandlung stand.<br />
Im September 1960 traf ihn das härteste Los das einen Bildhauer treffen kann – die rechte Hand musste amputiert werden, vier Wochen später der ganze rechte Arm. Am 24. November 1960 aber forderte der Herr von ihm auch das Opfer seines Lebens.</p>
<p>Nur zehn Jahre künstlerischen Schaffens waren ihm vergönnt. In dieser kurzen Zeit aber hat er uns Werke geschenkt, die der Ausdruck seiner lauteren Seele waren. Einer alten Tradition folgend hatte er Holz als sein bevorzugtes Material gewählt. Selbiges war ihm so vertraut, dass er imstande war die Maserung des Holzes zur besonderen Betonung der Form seiner Skulpturen zu nützen.</p>
<p>Eines seiner bekanntesten Werke ist die Krippe die seinen Namen trägt und weltweit exklusiv von der Firma ANRI reproduziert und vertrieben wird.</p>
</div><div class="fusion-clearfix"></div></div></div><div class="fusion-layout-column fusion_builder_column fusion-builder-column-2 fusion_builder_column_2_5 2_5 fusion-two-fifth fusion-column-last" style="--awb-bg-size:cover;width:40%;width:calc(40% - ( ( 4% ) * 0.4 ) );"><div class="fusion-column-wrapper fusion-flex-column-wrapper-legacy"><div class="fusion-image-element in-legacy-container" style="--awb-caption-title-font-family:var(--h2_typography-font-family);--awb-caption-title-font-weight:var(--h2_typography-font-weight);--awb-caption-title-font-style:var(--h2_typography-font-style);--awb-caption-title-size:var(--h2_typography-font-size);--awb-caption-title-transform:var(--h2_typography-text-transform);--awb-caption-title-line-height:var(--h2_typography-line-height);--awb-caption-title-letter-spacing:var(--h2_typography-letter-spacing);"><span class=" fusion-imageframe imageframe-none imageframe-1 hover-type-zoomin"><img decoding="async" width="600" height="900" title="walterbacher" src="https://cecconi.shop/wp-content/uploads/2017/05/WalterBacher.jpg" alt class="img-responsive wp-image-52087" srcset="https://cecconi.shop/wp-content/uploads/2017/05/WalterBacher-500x750.jpg 500w, https://cecconi.shop/wp-content/uploads/2017/05/WalterBacher.jpg 600w" sizes="(max-width: 600px) 100vw, 600px" /></span></div><div class="fusion-clearfix"></div></div></div></div></div><div class="fusion-fullwidth fullwidth-box fusion-builder-row-3 nonhundred-percent-fullwidth non-hundred-percent-height-scrolling" style="--awb-border-radius-top-left:0px;--awb-border-radius-top-right:0px;--awb-border-radius-bottom-right:0px;--awb-border-radius-bottom-left:0px;--awb-flex-wrap:wrap;" ><div class="fusion-builder-row fusion-row"><div class="fusion-layout-column fusion_builder_column fusion-builder-column-3 fusion_builder_column_1_1 1_1 fusion-one-full fusion-column-first fusion-column-last" style="--awb-bg-size:cover;"><div class="fusion-column-wrapper fusion-flex-column-wrapper-legacy"><div class="fusion-aligncenter"><a class="fusion-button button-flat button-small button-lightgray fusion-button-lightgray button-1 fusion-button-default-span " target="_self" href="/de/product-category/anri-krippen/walter-bacher-krippe/"><i class=" fa fa-chevron-right awb-button__icon awb-button__icon--default button-icon-left" aria-hidden="true"></i><span class="fusion-button-text awb-button__text awb-button__text--default">Walter Bacher Sortiment</span></a></div><div class="fusion-clearfix"></div></div></div></div></div>

<!-- This site is optimized with the Yoast SEO Premium plugin v27.0 (Yoast SEO v27.0) - https://yoast.com/product/yoast-seo-premium-wordpress/ -->
<title>ANRI - Der Künstler Walter Bacher | Cecconi</title>
<meta name="description" content="Eines seiner bekanntesten Werke ist die Walter Bacher Krippe die seinen Namen trägt und exklusiv von der Firma ANRI reproduziert und vertrieben wird." />
<meta name="robots" content="index, follow, max-snippet:-1, max-image-preview:large, max-video-preview:-1" />
<link rel="canonical" href="https://cecconi.shop/de/walter-bacher/" />
<meta property="og:locale" content="de_DE" />
<meta property="og:type" content="article" />
<meta property="og:title" content="Der Künstler Walter Bacher (*1908 †1960)" />
<meta property="og:description" content="Eines seiner bekanntesten Werke ist die Walter Bacher Krippe die seinen Namen trägt und exklusiv von der Firma ANRI reproduziert und vertrieben wird." />
<meta property="og:url" content="https://cecconi.shop/de/walter-bacher/" />
<meta property="og:site_name" content="Cecconi" />
<meta property="article:publisher" content="https://www.facebook.com/AnriStore/" />
<meta property="article:modified_time" content="2017-07-15T10:29:38+00:00" />
<meta name="twitter:card" content="summary_large_image" />
<meta name="twitter:label1" content="Geschätzte Lesezeit" />
	<meta name="twitter:data1" content="6 Minuten" />
<script type="application/ld+json" class="yoast-schema-graph">{"@context":"https://schema.org","@graph":[{"@type":"WebPage","@id":"https://cecconi.shop/de/walter-bacher/","url":"https://cecconi.shop/de/walter-bacher/","name":"ANRI - Der Künstler Walter Bacher | Cecconi","isPartOf":{"@id":"https://cecconi.shop/de/#website"},"datePublished":"2017-05-31T19:36:33+00:00","dateModified":"2017-07-15T10:29:38+00:00","description":"Eines seiner bekanntesten Werke ist die Walter Bacher Krippe die seinen Namen trägt und exklusiv von der Firma ANRI reproduziert und vertrieben wird.","inLanguage":"de","potentialAction":[{"@type":"ReadAction","target":["https://cecconi.shop/de/walter-bacher/"]}]},{"@type":"WebSite","@id":"https://cecconi.shop/de/#website","url":"https://cecconi.shop/de/","name":"Cecconi","description":"Fine Arts &amp; Crafts","potentialAction":[{"@type":"SearchAction","target":{"@type":"EntryPoint","urlTemplate":"https://cecconi.shop/de/?s={search_term_string}"},"query-input":{"@type":"PropertyValueSpecification","valueRequired":true,"valueName":"search_term_string"}}],"inLanguage":"de"}]}</script>
<!-- / Yoast SEO Premium plugin. -->

ANRI - Der Künstler Walter Bacher | Cecconi

Eines seiner bekanntesten Werke ist die Walter Bacher Krippe die seinen Namen trägt und exklusiv von der Firma ANRI reproduziert und vertrieben wird.
